emainder when 53941 is divided by 26937?
67
Calculate the remainder when 4308 is divided by 430.
8
What is the remainder when 1766 is divided by 830?
106
Calculate the remainder when 5259 is divided by 2619.
21
Calculate the remainder when 107132 is divided by 24.
20
What is the remainder when 76867 is divided by 28?
7
Calculate the remainder when 27796 is divided by 90.
76
Calculate the remainder when 30619 is divided by 55.
39
What is the remainder when 3944 is divided by 16?
8
What is the remainder when 1249 is divided by 543?
163
What is the remainder when 40272 is divided by 1498?
1324
Calculate the remainder when 36263 is divided by 1036.
3
Calculate the remainder when 15227 is divided by 1375.
102
Calculate the remainder when 401230 is divided by 624.
622
Calculate the remainder when 779 is divided by 339.
101
What is the remainder when 2318 is divided by 58?
56
What is the remainder when 95846 is divided by 13686?
44
Calculate the remainder when 25645 is divided by 1115.
0
Calculate the remainder when 25137 is divided by 1100.
937
Calculate the remainder when 1216244 is divided by 50.
44
What is the remainder when 1011 is divided by 92?
91
What is the remainder when 550 is divided by 307?
243
Calculate the remainder when 3438 is divided by 850.
38
Calculate the remainder when 1086 is divided by 36.
6
What is the remainder when 6094 is divided by 1521?
10
What is the remainder when 2259 is divided by 206?
199
Calculate the remainder when 10188 is divided by 189.
171
What is the remainder when 13779 is divided by 373?
351
Calculate the remainder when 9038 is divided by 1127.
22
What is the remainder when 230125 is divided by 167?
166
Calculate the remainder when 133532 is divided by 133528.
4
Calculate the remainder when 3867 is divided by 17.
8
Calculate the remainder when 69999 is divided by 71.
64
Calculate the remainder when 25822 is divided by 17.
16
What is the remainder when 2097 is divided by 1242?
855
What is the remainder when 5354 is divided by 67?
61
Calculate the remainder when 53654 is divided by 30.
14
Calculate the remainder when 16877 is divided by 5527.
296
Calculate the remainder when 37996 is divided by 24.
4
Calculate the remainder when 2977 is divided by 937.
166
What is the remainder when 44018 is divided by 7335?
8
What is the remainder when 2289 is divided by 13?
1
Calculate the remainder when 430 is divided by 425.
5
Calculate the remainder when 28219 is divided by 970.
89
Calculate the remainder when 63033 is divided by 15758.
1
What is the remainder when 2517 is divided by 6?
3
Calculate the remainder when 16440 is divided by 5456.
72
Calculate the remainder when 667 is divided by 90.
37
What is the remainder when 38963 is divided by 204?
203
Calculate the remainder when 3249 is divided by 1965.
1284
Calculate the remainder when 60078 is divided by 60065.
13
What is the remainder when 28179 is divided by 14089?
1
Calculate the remainder when 24943 is divided by 131.
53
Calculate the remainder when 31613 is divided by 255.
248
Calculate the remainder when 705 is divided by 178.
171
What is the remainder when 6580 is divided by 6558?
22
What is the remainder when 499502 is divided by 19?
11
Calculate the remainder when 9710 is divided by 9693.
17
Calculate the remainder when 6701 is divided by 2703.
1295
Calculate the remainder when 737671 is divided by 14.
11
What is the remainder when 62008 is divided by 9?
7
Calculate the remainder when 31861 is divided by 13.
11
What is the remainder when 1374 is divided by 84?
30
Calculate the remainder when 3121 is divided by 1011.
88
What is the remainder when 7662 is divided by 480?
462
What is the remainder when 20452 is divided by 931?
901
What is the remainder when 55045 is divided by 256?
5
What is the remainder when 175611 is divided by 98?
93
Calculate the remainder when 9325 is divided by 665.
15
What is the remainder when 598 is divided by 82?
24
What is the remainder when 3531 is divided by 1745?
41
What is the remainder when 63549 is divided by 454?
443
Calculate the remainder when 28620 is divided by 61.
11
What is the remainder when 25131 is divided by 5014?
61
Calculate the remainder when 8445 is divided by 765.
30
Calculate the remainder when 3144 is divided by 314.
4
Calculate the remainder when 573535 is divided by 191158.
61
What is the remainder when 247 is divided by 228?
19
Calculate the remainder when 6833 is divided by 18.
11
What is the remainder when 464019 is divided by 10?
9
What is the remainder when 73845 is divided by 486?
459
Calculate the remainder when 27040 is divided by 114.
22
What is the remainder when 118793 is divided by 60?
53
Calculate the remainder when 51369 is divided by 722.
107
Calculate the remainder when 96 is divided by 49.
47
What is the remainder when 38202 is divided by 3780?
402
What is the remainder when 14918 is divided by 229?
33
What is the remainder when 9330 is divided by 121?
13
What is the remainder when 57071 is divided by 82?
81
What is the remainder when 249853 is divided by 2658?
1
Calculate the remainder when 46463 is divided by 13.
1
Calculate the remainder when 18342 is divided by 510.
492
What is the remainder when 73373 is divided by 24433?
74
What is the remainder when 18846 is divided by 60?
6
Calculate the remainder when 860 is divided by 54.
50
Calculate the remainder when 70448 is divided by 514.
30
What is the remainder when 707678 is divided by 117944?
14
Calculate the remainder when 21661 is divided by 32.
29
What is the remainder when 5160170 is divided by 43?
41
What is the remainder when 3479 is divided by 259?
112
Calculate the remainder when 651595 is divided by 18.
13
Calculate the remainder when 822249 is divided by 11.
10
Calculate the remainder when 1575 is divided by 90.
45
What is the remainder when 13004 is divided by 153?
152
Calculate the remainder when 360921 is divided by 41.
39
Calculate the remainder when 36080 is divided by 12014.
38
What is the remainder when 741 is divided by 365?
11
Calculate the remainder when 18045 is divided by 8986.
73
What is the remainder when 66727 is divided by 178?
155
What is the remainder when 20462 is divided by 197?
171
Calculate the remainder when 3094 is divided by 66.
58
What is the remainder when 51756 is divided by 2070?
6
What is the remainder when 1335514 is divided by 23430?
4
What is the remainder when 75477 is divided by 196?
17
Calculate the remainder when 4363 is divided by 66.
7
What is the remainder when 199571 is divided by 11736?
59
What is the remainder when 400 is divided by 187?
26
Calculate the remainder when 214257 is divided by 21.
15
Calculate the remainder when 27446 is divided by 392.
6
Calculate the remainder when 11665 is divided by 1741.
1219
Calculate the remainder when 371 is divided by 84.
35
What is the remainder when 1101 is divided by 270?
21
What is the remainder when 15608 is divided by 15599?
9
Calculate the remainder when 1315 is divided by 44.
39
Calculate the remainder when 165457 is divided by 433.
51
Calculate the remainder when 4077 is divided by 1340.
57
Calculate the remainder when 3797 is divided by 183.
137
Calculate the remainder when 15496 is divided by 15480.
16
Calculate the remainder when 9137 is divided by 88.
73
Calculate the remainder when 248 is divided by 227.
21
Calculate the remainder when 74897 is divided by 171.
170
Calculate the remainder when 103418 is divided by 37.
3
What is the remainder when 1399 is divided by 577?
245
What is the remainder when 920 is divided by 159?
125
What is the remainder when 59084 is divided by 19?
13
What is the remainder when 1235 is divided by 382?
89
Calculate the remainder when 39770 is divided by 524.
470
What is the remainder when 207336 is divided by 81?
57
What is the remainder when 1374153 is divided by 147?
144
What is the remainder when 86813 is divided by 234?
233
What is the remainder when 8789734 is divided by 881?
878
What is the remainder when 4859 is divided by 1422?
593
Calculate the remainder when 30586 is divided by 3053.
56
What is the remainder when 35739 is divided by 11906?
21
Calculate the remainder when 18432 is divided by 1084.
4
Calculate the remainder when 4110 is divided by 508.
46
Calculate the remainder when 40347 is 